a)?
2, 3, 5, 7
Let h be 7 + (-26 - -19)*(-4)/(-14). Suppose -k + 438 = h*k. List the prime factors of k.
73
Let a = 8299 - 290. List the prime factors of a.
8009
Let z(l) = 151*l - 5287. List the prime factors of z(43).
2, 3, 67
Let q(s) = -136*s**3 - 2*s**2 - 16*s - 48. What are the prime factors of q(-4)?
2, 3, 181
Suppose -5*x + 3*w + 117297 = 0, -57*x + 23445 = -56*x + 3*w. What are the prime factors of x?
3, 7, 1117
Let u = -2883 + 17693. List the prime factors of u.
2, 5, 1481
Suppose 9*o + 1 + 8 = 0. Let x = 3 + o. Suppose n - 3*t - 127 = 0, -x*t = -t. List the prime factors of n.
127
Suppose 2*w - 41142 = -3*n, -5*n - 8*w = -11*w - 68532. What are the prime factors of n?
2, 3, 5, 457
Let j(n) = -3*n**2 - 51*n - 67. Let i be j(-16). Let s(f) = 2*f**3 + 39*f**2 - 46*f - 30. List the prime factors of s(i).
5, 241
Let q = 10503 - 5565. What are the prime factors of q?
2, 3, 823
Let r(x) = -x**3 + 55*x**2 - 18*x + 332. List the prime factors of r(31).
2, 19, 601
Suppose 3*x - 2*l + 0*l = 980, x - 350 = -4*l. Let p be x/(-10) + (4 - 1). List the prime factors of 159/4*(-40)/p.
53
Suppose 565*z - 562*z = -3*w + 255126, 425178 = 5*z - 3*w. List the prime factors of z.
2, 3, 14173
Suppose 28*a + 60*a + 16*a = 974168. What are the prime factors of a?
17, 19, 29
Let q be (-12)/14*(10 - 3)*7. Let n = 67 + q. What are the prime factors of ((-18)/(-63) + (-10)/(-14))*n?
5
Suppose 27*y - 30*y = g - 97, g - 130 = -4*y. Let m = -35 + 105. Suppose y = i - m. What are the prime factors of i?
103
Let w be (34/(-10))/((-6)/30). Suppose 11 - w = 2*m. List the prime factors of (0 - -1)/(m/(-216)).
2, 3
Suppose -2*h = -4*z - 16, 8*h + 4 = 6*h - z. Let v be (-22)/(-11) - (-3 + -1 + h). Suppose v*x - 339 = 123. What are the prime factors of x?
7, 11
Let v be 1 + 3 - (-4 - -8) - -440. Suppose 0 = r - 3*r + v. What are the prime factors of r?
2, 5, 11
Let m(g) = 43*g - 318. Let w(x) = 29*x - 212. Let b(d) = 5*m(d) - 8*w(d). What are the prime factors of b(6)?
2
List the prime factors of (546/910)/((-3)/(-29990)).
2, 2999
Suppose 6*a = -14163 + 43299. What are the prime factors of a?
2, 607
Suppose 45007 = 4*q + s, 451*q - 452*q + s + 11243 = 0. What are the prime factors of q?
2, 3, 5
Let p(d) = -d**2 - 21*d - 26. Let i be p(-20). Let o be -1*(-30)/4 - i/(-12). Suppose 0 = o*w - 16 - 418. What are the prime factors of w?
2, 31
Suppose -5*l - 10 = -20. Let p(f) = -f**2 - 4*f + 1. Let s be p(-3). Suppose -5*x = 0, s*n - l*x - 93 = 171. What are the prime factors of n?
2, 3, 11
Suppose 2*s = -y - 3*s + 12, -5*s = 2*y - 14. Suppose 3*g + 4*o = -6, -y*o - 1 = g - o. Let n(k) = 6*k**3 - 3*k**2 + 3*k - 4. List the prime factors of n(g).
2, 19
Let f(l) = -l**3 - l**2 - 13*l - 13. Let g = -1046 - -1037. List the prime factors of f(g).
2, 47
Suppose 5*n + 809 = 3*p, 4*n = 2*p - 530 - 6. Suppose -g + 5*z + p + 106 = 0, -3*g + z + 1166 = 0. What are the prime factors of g?
389
Let a = -5042 + 19292. What are the prime factors of a?
2, 3, 5, 19
Suppose -272110 - 188610 = -65*l. What are the prime factors of l?
2, 443
Suppose -28 = -5*b - 8. Let n(v) = -v**3 - 11*v**2 - 6*v + 108. Let u be n(-9). Suppose b*m - 2*d - 62 = -u*m, 0 = -2*m - 2*d + 34. List the prime factors of m.
2
Let h = 48 + -45. Suppose -4*y + 578 = -5*u, h*u = y + 63 - 211. What are the prime factors of y?
2, 71
Let v = 31 - 26. Let b(i) = -3*i + 0*i**2 - 3*i**3 + 8 + 3*i**2 - 6*i + v*i**3. List the prime factors of b(4).
2, 37
Suppose -3*m + 42795 = -0*f - 24*f, 4*m = -f + 56928. What are the prime factors of m?
43, 331
Suppose 5*a + 3*l = 12220, 5044 = 4*a + 3*l - 4732. List the prime factors of a.
2, 13, 47
Let r(j) = 6*j + 231. Let a be r(-38). List the prime factors of (a + -4)*2/((-6)/1893).
631
Suppose -a = -5*p - 0*a - 6, -3*p = a + 2. Let z be ((-125)/p)/((-3)/6). List the prime factors of 2/9 - z/9.
2, 7
Let z = -153 + 154. What are the prime factors of 272 + z/(-1) + 1?
2, 17
Let n be (-15)/(-3)*(-6 + 7). Suppose 4*f = n*f. Suppose 0 = -3*g - g - 3*c + 14, f = 2*g + 2*c - 6. List the prime factors of g.
5
Suppose 9*d - 14 - 22 = 0. Suppose 2*g - 54 = -5*t, d*t - 108 = -4*g + 2*t. What are the prime factors of g?
3
Let c(h) = -530*h**3 + 47*h**2 + 2*h + 1. List the prime factors of c(-2).
3, 5, 59
Let j(c) = 2*c**3 - 46*c**2 + c + 26. Let a be j(24). Let d = a - 603. What are the prime factors of d?
599
Let z = 302 - 300. Suppose -z*a + 3*a - 3484 = -5*p, -a = -3*p + 2084. What are the prime factors of p?
2, 3, 29
Suppose 0 = -b + 10 - 201. Let m = 255 - b. List the prime factors of m.
2, 223
Let o(i) = -i**3 - 12*i**2 + 14*i - 19. Let m be o(-13). Let j be (-12)/(-4)*m/4. Let h = j - -86. What are the prime factors of h?
2, 31
Let k = -7 + 7. Let f = 154 + -96. Let q = f - k. List the prime factors of q.
2, 29
Suppose -2*q + 2*d = 8, -6*q - 5*d = -3*q + 52. Let z be (-65)/(-8) + q/72. Suppose 0 = -z*a + 4*a + 64. What are the prime factors of a?
2
Let c(j) = 2*j + 3. Let u be c(-2). What are the prime factors of -1*u/2 - (-36890)/140?
2, 3, 11
Let s = -26 - -34. Let z be (-7)/(-4) - (-4)/16 - -1. List the prime factors of (2/z)/(s/36).
3
Let z = 765 - 765. Let g be ((-15)/20)/((-1)/8). Suppose -4*p - q + g*q + 648 = z, p + q - 171 = 0. List the prime factors of p.
167
Let t(v) = 9*v**2 - 4*v + 0 - v**3 + 2*v + 1 - 3*v**2. Let n be t(8). Let w = n + 329. List the prime factors of w.
2, 3, 31
Suppose -3*y - 12 = 0, 215 - 47 = 3*a + 3*y. What are the prime factors of (15500/a)/((-1)/(-3))?
5, 31
Let j = 46 + -18. Let w = j - 23. Suppose 4 = -r, -61 + w = -3*h - 4*r. List the prime factors of h.
2, 3
Let c = 14762 - 14760. Let j(p) = 21*p**2 - p. Let d be j(-2). Suppose 9 = c*n + 3*m - 21, -5*n + d = 2*m. What are the prime factors of n?
2, 3
Suppose 3*h + 0 = 48. Suppose 0 = -21*l + h*l + 1695. List the prime factors of l.
3, 113
Let q(d) = -184*d + 31. Let s be q(-4). Let y = 1139 - s. Let m = y - 143. What are the prime factors of m?
229
Suppose -16520 = -28*r + 24*r - 5*z, -2*z = 8. What are the prime factors of r?
5, 827
Let y(h) be the third derivative of -11*h**4/8 - 13*h**3/6 + h**2 + 5. What are the prime factors of y(-5)?
2, 19
Let q be 132 - (207/(-46) + 2/(-4)). Suppose -d = 5*b - 9, -3*d = -5*b - 0*d - 7. List the prime factors of (b - 0) + -22 + q.
2, 29
Let k = 84417 - 48908. What are the prime factors of k?
35509
Let b be 1/3 + (-112)/12. Let p be -3 - b/(-6)*-2. Suppose p = -4*x + 5*k + 228, -5*x - k + 463 = 178. What are the prime factors of x?
3, 19
Suppose 13*z - 28942 + 25496 = 86956. What are the prime factors of z?
2, 3, 19, 61
Let x(k) = -3*k + 12. Let v be x(0). Let t be ((-1)/3)/((-2)/v). What are the prime factors of ((-9)/12)/(t*3/(-240))?
2, 3, 5
Let c be (20 + -229)*(3 - 1). Let r = -215 - c. List the prime factors of r.
7, 29
Let f = -63773 + 103191. What are the prime factors of f?
2, 19709
Let z be 3 + (-6)/(-10)*(-2 + -3). Suppose 0 = -g - z - 55. Let d = g + 166. What are the prime factors of d?
3, 37
Suppose -3*w - 5 = -w + 5*g, 5*g + 65 = 4*w. Let h(l) = l**3 - 10*l**2 + 17*l + 3. What are the prime factors of h(w)?
173
Let t(q) = 8*q - 16. Let m(k) = 16*k - 35. Let y(o) = 8*o - 17. Let x(h) = -2*m(h) + 5*y(h). Let u(j) = -5*t(j) + 4*x(j). List the prime factors of u(-9).
2, 23
Suppose -a + 476 = 4*w, 5*w = -27*a + 29*a - 952. Suppose -200 = -4*z + a. What are the prime factors of z?
13
Suppose 35*n - 21*n = -196. List the prime factors of 8 + (n*67)/(-7).
2, 71
Let f(s) = -470*s + 30. Let n be f(-5). Suppose 12*i + n = 19*i. What are the prime factors of i?
2, 5, 17
List the prime factors of 23950/2 - 130/(-13).
3, 5, 17, 47
Suppose 5*d = s - 8, -s + 5*d + 14 = 2*s. Suppose -r + s = 3*o - 3, -4*r + 59 = 5*o. What are the prime factors of ((-763)/r)/(1/(-3))?
109
Suppose -3*j - 177 = -5*o + 32, -5*j - 15 = 0. Let y = -37 + 79. Suppose -o*a = -y*a + 150. List the prime factors of a.
3, 5
Let l = 67 - 94. Let s be (l/(-18))/((-2)/(-4)). Let o(j) = 90*j - 8. What are the prime factors of o(s)?
2, 131
Suppose -79*j + 71*j = -160. Suppose -j*k - 7832 = -31*k. What are the prime factors of k?
2, 89
Suppose h - 153 = 5*b, 6*h = h - 3*b + 821. Let n(f) = f**2 - 6*f + 1. Let q be n(-6). Suppose 2*u - h = q. What are the prime factors of u?
2, 59
Suppose 13216 = 4*l + 56